emainder when 809157 is divided by 100?
57
Calculate the remainder when 1005010 is divided by 2624.
18
What is the remainder when 7129573 is divided by 45?
43
Calculate the remainder when 205675 is divided by 205648.
27
What is the remainder when 307016 is divided by 5577?
281
Calculate the remainder when 11814683 is divided by 5334.
5207
Calculate the remainder when 532021 is divided by 5960.
1581
What is the remainder when 2865155 is divided by 2897?
22
Calculate the remainder when 2276066 is divided by 46.
32
What is the remainder when 69713 is divided by 984?
833
Calculate the remainder when 760297 is divided by 264.
241
What is the remainder when 18072750 is divided by 9036371?
8
What is the remainder when 508795 is divided by 131?
122
Calculate the remainder when 13377054 is divided by 122.
120
What is the remainder when 802208 is divided by 160441?
3
What is the remainder when 2650771 is divided by 46504?
43
What is the remainder when 3061943 is divided by 774?
773
What is the remainder when 306866877 is divided by 96?
93
What is the remainder when 112431 is divided by 2720?
911
What is the remainder when 11558061 is divided by 21?
18
What is the remainder when 12708 is divided by 645?
453
What is the remainder when 3857852 is divided by 31?
26
What is the remainder when 142905897 is divided by 60?
57
Calculate the remainder when 1367047 is divided by 17.
9
Calculate the remainder when 22016 is divided by 5186.
1272
What is the remainder when 280132431 is divided by 20009459?
5
What is the remainder when 4394648 is divided by 4439?
38
Calculate the remainder when 12599490 is divided by 120.
90
Calculate the remainder when 32798473 is divided by 233.
228
What is the remainder when 48728 is divided by 2203?
262
Calculate the remainder when 2683799 is divided by 210.
209
What is the remainder when 122413 is divided by 60540?
1333
Calculate the remainder when 15494517 is divided by 842.
33
What is the remainder when 14294 is divided by 3124?
1798
Calculate the remainder when 8301165 is divided by 406.
89
Calculate the remainder when 12947974 is divided by 616570.
4
Calculate the remainder when 76575 is divided by 76519.
56
What is the remainder when 2860180 is divided by 2860127?
53
Calculate the remainder when 9807433 is divided by 1014.
25
Calculate the remainder when 4757 is divided by 1287.
896
Calculate the remainder when 13602390 is divided by 103.
4
Calculate the remainder when 126869849 is divided by 7.
1
What is the remainder when 2135346 is divided by 118?
18
What is the remainder when 2408662 is divided by 366?
16
Calculate the remainder when 2378981 is divided by 1902.
1481
What is the remainder when 124464 is divided by 6542?
166
What is the remainder when 14664341 is divided by 7?
6
Calculate the remainder when 80290990 is divided by 178.
174
What is the remainder when 420002 is divided by 344?
322
Calculate the remainder when 96451 is divided by 869.
861
What is the remainder when 2405778 is divided by 42205?
93
What is the remainder when 3748604 is divided by 554?
240
What is the remainder when 645056516 is divided by 17?
16
What is the remainder when 12728571 is divided by 14415?
126
What is the remainder when 895440 is divided by 1995?
1680
Calculate the remainder when 21319666 is divided by 1615.
51
What is the remainder when 1513718 is divided by 1577?
1375
Calculate the remainder when 4837 is divided by 373.
361
What is the remainder when 375452 is divided by 20?
12
Calculate the remainder when 74983302 is divided by 195269.
6
Calculate the remainder when 1231614 is divided by 55.
54
Calculate the remainder when 766117 is divided by 33308.
33
Calculate the remainder when 1001624 is divided by 560.
344
Calculate the remainder when 4509487 is divided by 190.
27
Calculate the remainder when 77517 is divided by 2500.
17
What is the remainder when 2023582 is divided by 144540?
22
Calculate the remainder when 28589 is divided by 2004.
533
What is the remainder when 81108 is divided by 1655?
13
Calculate the remainder when 388444494 is divided by 1804.
1802
What is the remainder when 29142720 is divided by 32?
0
What is the remainder when 2942842 is divided by 735695?
62
Calculate the remainder when 24431623 is divided by 139.
10
Calculate the remainder when 488596 is divided by 41.
40
What is the remainder when 251138 is divided by 6668?
4422
Calculate the remainder when 230379028 is divided by 3874.
3870
Calculate the remainder when 645405 is divided by 64.
29
What is the remainder when 56375 is divided by 78?
59
What is the remainder when 198873 is divided by 2288?
2105
What is the remainder when 3322642 is divided by 9603?
4
Calculate the remainder when 676862 is divided by 4205.
4062
What is the remainder when 935875 is divided by 36?
19
Calculate the remainder when 58638356 is divided by 4069.
4066
What is the remainder when 2396 is divided by 1067?
262
Calculate the remainder when 35938233 is divided by 26.
19
Calculate the remainder when 2784243 is divided by 8.
3
What is the remainder when 36034 is divided by 1886?
200
What is the remainder when 4204468 is divided by 2205?
1738
Calculate the remainder when 1392611 is divided by 14.
3
What is the remainder when 324359 is divided by 18000?
359
Calculate the remainder when 7903 is divided by 481.
207
What is the remainder when 694861 is divided by 230858?
2287
Calculate the remainder when 70868 is divided by 35015.
838
Calculate the remainder when 9870 is divided by 4359.
1152
What is the remainder when 13555479 is divided by 2999?
2998
What is the remainder when 17961164 is divided by 2993517?
62
What is the remainder when 20963 is divided by 1082?
405
Calculate the remainder when 37075899 is divided by 1771.
14
Calculate the remainder when 21290 is divided by 1449.
1004
What is the remainder when 31969742 is divided by 285444?
14
What is the remainder when 34998 is divided by 621?
222
What is the remainder when 138436 is divided by 923?
909
Calculate the remainder when 1042926 is divided by 534.
24
Calculate the remainder when 38118477 is divided by 4260.
4257
What is the remainder when 199850 is divided by 386?
288
Calculate the remainder when 175339 is divided by 174617.
722
What is the remainder when 1391521 is divided by 1639?
10
What is the remainder when 62227588 is divided by 1245?
1243
What is the remainder when 2500769 is divided by 82?
15
Calculate the remainder when 19008310 is divided by 320.
310
What is the remainder when 41845 is divided by 481?
479
What is the remainder when 1065582 is divided by 133197?
6
What is the remainder when 654071 is divided by 25?
21
Calculate the remainder when 124910055 is divided by 54.
9
What is the remainder when 391010 is divided by 77277?
4625
Calculate the remainder when 68340 is divided by 96.
84
Calculate the remainder when 1198135 is divided by 399376.
7
Calculate the remainder when 1436554 is divided by 478849.
7
Calculate the remainder when 1751255 is divided by 583743.
26
Calculate the remainder when 87684 is divided by 43772.
140
Calculate the remainder when 1056908 is divided by 39140.
128
What is the remainder when 7451006 is divided by 1064425?
31
Calculate the remainder when 91475662 is divided by 5266.
5242
Calculate the remainder when 128450737 is divided by 11.
8
Calculate the remainder when 4740498 is divided by 517.
125
What is the remainder when 294701 is divided by 11784?
101
Calculate the remainder when 6513102 is divided by 592099.
13
Calculate the remainder when 25977153 is divided by 946.
939
What is the remainder when 482905 is divided by 30165?
265
What is the remainder when 490800669 is divided by 18?
15
Calculate the remainder when 421742 is divided by 1750.
1742
What is the remainder when 1045216 is divided by 49700?
1516
What is the remainder when 900777 is divided by 263?
2
What is the remainder when 10651407 is divided by 5325693?
21
Calculate the remainder when 112743 is divided by 769.
469
Calculate the remainder when 107990295 is divided by 30.
15
What is the remainder when 315861 is divided by 157907?
47
What is the remainder when 1236398347 is divided by 2273?
2270
Calculate the remainder when 519534 is divided by 1542.
1422
What is the remainder when 18501164 is divided by 272?
2